{"id":43,"date":"2019-03-17T19:18:21","date_gmt":"2019-03-17T18:18:21","guid":{"rendered":"http:\/\/www.olafszuba.com\/wordpress\/?page_id=43"},"modified":"2025-08-04T13:58:57","modified_gmt":"2025-08-04T11:58:57","slug":"umow-sie-na-wizyte","status":"publish","type":"page","link":"http:\/\/www.olafszuba.com\/wordpress\/index.php\/umow-sie-na-wizyte\/","title":{"rendered":"UM\u00d3W SI\u0118 NA WIZYT\u0118"},"content":{"rendered":"\n<a href=\"http:\/\/www.znanylekarz.pl\/olaf-szuba\/ortopeda\/warszawa\" target=\"_blank\" rel=\"noopener noreferrer\"><figure class=\"wp-block-image\"><img decoding=\"async\" src=\"http:\/\/www.olafszuba.com\/wordpress\/wp-content\/uploads\/2019\/03\/znany-lekarz.jpg\" alt=\"\" class=\"wp-image-132\"><\/figure><\/a>\n\n\n\n<div class=\"small_bar\"><!-- bar -->&nbsp;<\/div>\n\n\n\n<div class=\"wp-block-columns has-2-columns is-layout-flex wp-container-core-columns-is-layout-9d6595d7 wp-block-columns-is-layout-flex\">\n<div class=\"wp-block-column is-layout-flow wp-block-column-is-layout-flow\">\n<div class=\"wizyta\">\n<!-- content -->\n        <p class=\"klinika\">Md Clinic\n<img loading=\"lazy\" decoding=\"async\" class=\"wizyta-img\" src=\"http:\/\/www.olafszuba.com\/wordpress\/wp-content\/uploads\/2019\/05\/mdclinic-wizyta.png\" alt=\"\" width=\"126\" height=\"126\">\n<\/p>\n        <p class=\"www\">\n<b>www:<\/b> <a class=\"nonblock\" href=\"http:\/\/mdclinic.pl\" target=\"_blank\" rel=\"noopener noreferrer\">mdclinic.pl<\/a>\n<\/p>\n        <p class=\"adres\">\n<b>adres:<\/b> ul. Sienna 83, r\u00f3g Siennej i \u017belaznej, Warszawa.<\/p>\n        <p class=\"telefon\">\n<b>telefon:<\/b> +48 22 620 18 55<\/p>\n        <p class=\"telefon_2\">\n+48 22 890 74 88<\/p>\n        <p class=\"email\">\n<b>email:<\/b> <a class=\"nonblock\" href=\"mailto:recepcja@mdclinic.pl\">recepcja@mdclinic.pl<\/a><\/p>\n       <\/div>\n<\/div>\n\n\n\n<div class=\"wp-block-column is-layout-flow wp-block-column-is-layout-flow\">\n<iframe loading=\"lazy\" class=\"actAsDiv\" scrolling=\"no\" marginheight=\"0\" marginwidth=\"0\" src=\"https:\/\/maps.google.com\/maps?f=q&amp;source=s_q&amp;hl=pl&amp;q=Sienna%2083%2C%20Warszawa&amp;aq=0&amp;ie=UTF8&amp;t=m&amp;z=12&amp;iwloc=A&amp;output=embed\" width=\"401\" height=\"400\" frameborder=\"0\"><\/iframe>\n<\/div>\n<\/div>\n\n\n\n<div class=\"small_bar\"><!-- bar -->&nbsp;<\/div>\n\n\n\n<div class=\"wp-block-columns has-2-columns is-layout-flex wp-container-core-columns-is-layout-9d6595d7 wp-block-columns-is-layout-flex\">\n<div class=\"wp-block-column is-layout-flow wp-block-column-is-layout-flow\">\n<div class=\"wizyta\">\n<!-- content -->\n        <p class=\"klinika\">Md Clinic Praga\n<img loading=\"lazy\" decoding=\"async\" class=\"wizyta-img\" src=\"http:\/\/www.olafszuba.com\/wordpress\/wp-content\/uploads\/2019\/05\/mdclinic-wizyta.png\" alt=\"\" width=\"126\" height=\"126\">\n<\/p>\n        <p class=\"www\">\n<b>www:<\/b> <a class=\"nonblock\" href=\"http:\/\/praga.mdclinic.pl\" target=\"_blank\" rel=\"noopener noreferrer\">praga.mdclinic.pl<\/a>\n<\/p>\n        <p class=\"adres\">\n<b>adres:<\/b> ul. \u015aw. Wincentego 14, Warszawa.<\/p>\n        <p class=\"telefon\">\n<b>telefon:<\/b> +48 22 121 21 61<\/p>\n        <p class=\"email\">\n<b>email:<\/b> <a class=\"nonblock\" href=\"mailto:recepcja.praga@mdclinic.pl\">recepcja.praga@mdclinic.pl<\/a><\/p>\n       <\/div>\n<\/div>\n\n\n\n<div class=\"wp-block-column is-layout-flow wp-block-column-is-layout-flow\">\n<iframe loading=\"lazy\" class=\"actAsDiv\" scrolling=\"no\" marginheight=\"0\" marginwidth=\"0\" src=\"https:\/\/maps.google.com\/maps?f=q&amp;source=s_q&amp;hl=pl&amp;q=\u015bw.+Wincentego+14,+03-505+Warszawa&amp;aq=0&amp;ie=UTF8&amp;t=m&amp;z=12&amp;iwloc=A&amp;output=embed\" width=\"401\" height=\"400\" frameborder=\"0\"><\/iframe>\n<\/div>\n<\/div>\n\n\n\n<div class=\"small_bar\"><!-- bar -->&nbsp;<\/div>\n\n\n\n<div class=\"wp-block-columns has-2-columns is-layout-flex wp-container-core-columns-is-layout-9d6595d7 wp-block-columns-is-layout-flex\">\n<div class=\"wp-block-column is-layout-flow wp-block-column-is-layout-flow\">\n<div class=\"wizyta\">\n<!-- content -->\n        <p class=\"klinika\">Szpital Mirai Clinic\n<img loading=\"lazy\" decoding=\"async\" class=\"wizyta-img\" src=\"https:\/\/miraiclinic.pl\/wp-content\/uploads\/2020\/02\/MIRAI_LOGO_BLACK.png\" alt=\"\" width=\"126\" height=\"126\">\n<\/p>\n        <p class=\"www\">\n<b>www:<\/b> <a class=\"nonblock\" href=\"https:\/\/miraiclinic.pl\/\" target=\"_blank\" rel=\"noopener noreferrer\">miraiclinic.pl<\/a>\n<\/p>\n        <p class=\"adres\">\n<b>adres:<\/b> ul. Armii Krajowej 8, Otwock.<\/p>\n        <p class=\"telefon\">\n<b>telefon:<\/b> +48 224175400<\/p>\n        <p class=\"email\">\n<b>email:<\/b> <a class=\"nonblock\" href=\"mailto:recepcja@miraiclinic.pl\">recepcja@miraiclinic.pl<\/a><\/p>\n       <\/div>\n<\/div>\n\n\n\n<div class=\"wp-block-column is-layout-flow wp-block-column-is-layout-flow\">\n<iframe src=\"https:\/\/www.google.com\/maps\/embed?pb=!1m18!1m12!1m3!1d2450.755062191244!2d21.26879851582091!3d52.10238917484569!2m3!1f0!2f0!3f0!3m2!1i1024!2i768!4f13.1!3m3!1m2!1s0x47192a8864055555%3A0x45997fdbcc0d9831!2sMIRAI%20Clinic!5e0!3m2!1spl!2spl!4v1658435935120!5m2!1spl!2spl\" style=\"border:0;\" allowfullscreen=\"\" loading=\"lazy\" referrerpolicy=\"no-referrer-when-downgrade\" width=\"401\" height=\"400\"><\/iframe>\n<\/div>\n<\/div>\n\n\n\n<div class=\"small_bar\"><!-- bar -->&nbsp;<\/div>\n\n\n\n<div class=\"wp-block-columns is-layout-flex wp-container-core-columns-is-layout-9d6595d7 wp-block-columns-is-layout-flex\">\n<div class=\"wp-block-column is-layout-flow wp-block-column-is-layout-flow\">\n<div class=\"wizyta\">\n<!-- content -->\n        <p class=\"klinika\"> Mirai Warszawa Wola\n<img decoding=\"async\" class=\"wizyta-img\" src=\"https:\/\/irmirai.pl\/wp-content\/uploads\/2019\/11\/logo.png\" alt=\"\" style=\"height:100px;\">\n<\/p>\n        <p class=\"www\">\n<b>www:<\/b> <a class=\"nonblock\" href=\"https:\/\/irmirai.pl\/olaf-szuba\/\" target=\"_blank\" rel=\"noopener noreferrer\">irmirai.pl<\/a>\n<\/p>\n        <p class=\"adres\">\n<b>adres:<\/b> ul. Wolska 96, Warszawa.<\/p>\n        <p class=\"telefon\">\n<b>telefon:<\/b> +48 573 312 266<\/p>\n        <p class=\"email\">\n<b>email:<\/b> <a class=\"nonblock\" href=\"mailto:info@irmirai.pl\">info@irmirai.pl<\/a><\/p>\n       <\/div>\n<\/div>\n\n\n\n<div class=\"wp-block-column is-layout-flow wp-block-column-is-layout-flow\">\n<iframe loading=\"lazy\" class=\"actAsDiv\" scrolling=\"no\" marginheight=\"0\" marginwidth=\"0\" src=\"https:\/\/www.google.com\/maps\/embed?pb=!1m18!1m12!1m3!1d4109.7829696897215!2d20.951096428166732!3d52.230821093764455!2m3!1f0!2f0!3f0!3m2!1i1024!2i768!4f13.1!3m3!1m2!1s0x471ecb68e71e7e87%3A0xb41da31daec26d1b!2sInstytut%20Rehabilitacji%20MIRAI!5e0!3m2!1spl!2spl!4v1600197743664!5m2!1spl!2spl\" style=\"border:0;\" allowfullscreen=\"\" aria-hidden=\"false\" tabindex=\"0\" width=\"401\" height=\"400\" frameborder=\"0\"><\/iframe>\n\n\n\n<p><\/p>\n<\/div>\n<\/div>\n\n\n\n<div class=\"small_bar\"><!-- bar -->&nbsp;<\/div>\n\n\n\n<div class=\"wp-block-columns has-2-columns is-layout-flex wp-container-core-columns-is-layout-9d6595d7 wp-block-columns-is-layout-flex\">\n<div class=\"wp-block-column is-layout-flow wp-block-column-is-layout-flow\">\n<div class=\"wizyta\">\n<!-- content -->\n        <p class=\"klinika\">ZOZ Praga Po\u0142udnie\n<img decoding=\"async\" class=\"wizyta-img\" src=\"http:\/\/www.olafszuba.com\/wordpress\/wp-content\/uploads\/2019\/05\/4017006-width-100.jpg\" alt=\"\">\n<\/p>\n        <p class=\"www\">\n<b>www:<\/b> <a class=\"nonblock\" href=\"http:\/\/szpzlo.praga-pld.pl\" target=\"_blank\" rel=\"noopener noreferrer\">szpzlo.praga-pld.pl<\/a>\n<\/p>\n        <p class=\"adres\">\n<b>adres:<\/b> ul. Kickiego 24, Warszawa.<\/p>\n        <p class=\"telefon\">\n<b>telefon:<\/b> +48 22 810 41 71<\/p>\n        <p class=\"email\">\n<b>email:<\/b> <a class=\"nonblock\" href=\"mailto:sekretariat1@szpzlo.praga-pld.pl\">sekretariat1@szpzlo.praga-pld.pl<\/a><\/p>\n       <\/div>\n<\/div>\n\n\n\n<div class=\"wp-block-column is-layout-flow wp-block-column-is-layout-flow\">\n<iframe loading=\"lazy\" class=\"actAsDiv\" scrolling=\"no\" marginheight=\"0\" marginwidth=\"0\" src=\"https:\/\/maps.google.com\/maps?f=q&amp;source=s_q&amp;hl=pl&amp;q=Kickiego%2024%2C%20Warszawa&amp;aq=0&amp;ie=UTF8&amp;t=m&amp;z=12&amp;iwloc=A&amp;output=embed\" width=\"401\" height=\"400\" frameborder=\"0\"><\/iframe>\n<\/div>\n<\/div>\n","protected":false},"excerpt":{"rendered":"<p>Md Clinic www: mdclinic.pl adres: ul. Sienna 83, r\u00f3g Siennej i \u017belaznej, Warszawa. telefon: +48 22 620 18 55 +48 22 890 74 88 email: recepcja@mdclinic.pl Md Clinic Praga www: praga.mdclinic.pl adres: ul. \u015aw. Wincentego 14, Warszawa. telefon: +48 22 121 21 61 email: recepcja.praga@mdclinic.pl Szpital Mirai Clinic www: miraiclinic.pl adres: ul. Armii Krajowej 8, &hellip; <\/p>\n","protected":false},"author":2,"featured_media":0,"parent":0,"menu_order":1,"comment_status":"closed","ping_status":"closed","template":"","meta":{"_monsterinsights_skip_tracking":false,"_monsterinsights_sitenote_active":false,"_monsterinsights_sitenote_note":"","_monsterinsights_sitenote_category":0,"footnotes":""},"class_list":["post-43","page","type-page","status-publish","hentry"],"_links":{"self":[{"href":"http:\/\/www.olafszuba.com\/wordpress\/index.php\/wp-json\/wp\/v2\/pages\/43","targetHints":{"allow":["GET"]}}],"collection":[{"href":"http:\/\/www.olafszuba.com\/wordpress\/index.php\/wp-json\/wp\/v2\/pages"}],"about":[{"href":"http:\/\/www.olafszuba.com\/wordpress\/index.php\/wp-json\/wp\/v2\/types\/page"}],"author":[{"embeddable":true,"href":"http:\/\/www.olafszuba.com\/wordpress\/index.php\/wp-json\/wp\/v2\/users\/2"}],"replies":[{"embeddable":true,"href":"http:\/\/www.olafszuba.com\/wordpress\/index.php\/wp-json\/wp\/v2\/comments?post=43"}],"version-history":[{"count":29,"href":"http:\/\/www.olafszuba.com\/wordpress\/index.php\/wp-json\/wp\/v2\/pages\/43\/revisions"}],"predecessor-version":[{"id":296,"href":"http:\/\/www.olafszuba.com\/wordpress\/index.php\/wp-json\/wp\/v2\/pages\/43\/revisions\/296"}],"wp:attachment":[{"href":"http:\/\/www.olafszuba.com\/wordpress\/index.php\/wp-json\/wp\/v2\/media?parent=43"}],"curies":[{"name":"wp","href":"https:\/\/api.w.org\/{rel}","templated":true}]}}